{"id":554,"date":"2017-02-04T07:19:30","date_gmt":"2017-02-04T07:19:30","guid":{"rendered":"https:\/\/www.wp1.themexlab.com\/newwp\/bristol\/?page_id=165"},"modified":"2020-11-12T00:03:05","modified_gmt":"2020-11-12T00:03:05","slug":"nosotros","status":"publish","type":"page","link":"https:\/\/www.topalientornoseguro.com.mx\/index.php\/nosotros\/","title":{"rendered":"NOSOTROS"},"content":{"rendered":"<p><section class=\"kc-elm kc-css-135212 kc_row\"><div class=\"kc-row-container  kc-container\"><div class=\"kc-wrap-columns\"><div class=\"kc-elm kc-css-399537 kc_col-sm-12 kc_column kc_col-sm-12\"><div class=\"kc-col-container\"><!--Welcome Section-->\n<section class=\"welcome-section\">\n    <div class=\"auto-container\">\n        <div class=\"row clearfix\">\n        \n            <!--Content Column \/ Fact Counter Two-->\n            <div class=\"content-column col-md-6 col-sm-12 col-xs-12\">\n                <div class=\"inner-box\">\n                    <h3>AL SERVICIO DE TU SEGURIDAD<\/h3>\n                    <div class=\"text\">Somos una empresa de seguridad privada con Matriz en Le\u00f3n, Gto; con amplia trayectoria, ofreciendo un servicio destacado por la \u00e9tica con la que implementamos los planes de trabajo, que desarrollamos para cada uno de nuestros clientes.\r\n\r\nLo cual es posible gracias al enfoque en la capacitaci\u00f3n y entrenamiento constante de nuestro personal; pieza clave para garantizar el servicio de calidad que requiere el resguardo de personas y bienes materiales.<\/div>\n                    \n                    <!--Fact Counter Two-->\n                    <div class=\"fact-counter\">\n                        <div class=\"clearfix\">\n                    \t\t  \n                        <\/div>\n                    <\/div>\n                    \n                <\/div>\n            <\/div>\n            <!--Video Column-->\n            <div class=\"column col-md-6 col-sm-12 col-xs-12\">\n                <div class=\"video-box\">\n                    <figure class=\"image\">\n                        <img src=\"http:\/\/test.rankio.mx\/colosal\/wp-content\/uploads\/2020\/10\/bolsa-de-trabajo-min.jpg\" alt=\"Image\">\n                    <\/figure>\n                    <a href=\"\" class=\"lightbox-image overlay-box\">\n                        <span class=\"flaticon-arrows-2\"><\/span>\n                    <\/a>\n                <\/div>\n            <\/div>\n            \n        <\/div>\n    <\/div>\n<\/section>\n<!--End Welcome Section--><\/div><\/div><\/div><\/div><\/section><section class=\"kc-elm kc-css-895784 kc_row\"><div class=\"kc-row-container  kc-container\"><div class=\"kc-wrap-columns\"><div class=\"kc-elm kc-css-828921 kc_col-sm-12 kc_column kc_col-sm-12\"><div class=\"kc-col-container\"><div class=\"kc-elm kc-css-733418\" style=\"height: 30px; clear: both; width:100%;\"><\/div><\/div><\/div><\/div><\/div><\/section><section class=\"kc-elm kc-css-348501 kc_row\"><div class=\"kc-row-container  kc-container\"><div class=\"kc-wrap-columns\"><div class=\"kc-elm kc-css-906955 kc_col-sm-6 kc_column kc_col-sm-6\"><div class=\"kc-col-container\"><div class=\"kc-elm kc-css-71313 kc_shortcode kc_single_image\">\n\n        <img src=\"https:\/\/www.topalientornoseguro.com.mx\/wp-content\/uploads\/2020\/10\/bolsa-de-trabajo-min.jpg\" class=\"\" alt=\"\" \/>    <\/div>\n<\/div><\/div><div class=\"kc-elm kc-css-146512 kc_col-sm-6 kc_column kc_col-sm-6\"><div class=\"kc-col-container\"><div class=\"kc-elm kc-css-351495 kc_text_block\"><\/p>\n<h4 class=\"thumb-title\" style=\"box-sizing: border-box; margin: 15px 0px; font-family: Oswald, sans-serif; font-weight: bold; line-height: 1.5; color: #12110c; font-size: 21px; text-transform: uppercase; text-align: justify;\">AL SERVICIO DE TU SEGURIDAD<\/h4>\n<p style=\"box-sizing: border-box; margin-top: 0px; margin-bottom: 1rem; font-family: 'Open Sans', sans-serif; color: #5a5a5a; font-size: 16px; text-align: justify;\">Somos una empresa de seguridad privada con Matriz en Le\u00f3n, Gto; con amplia trayectoria, ofreciendo un servicio destacado por la \u00e9tica con la que implementamos los planes de trabajo, que desarrollamos para cada uno de nuestros clientes.<br style=\"box-sizing: border-box;\" \/><br style=\"box-sizing: border-box;\" \/>Lo cual es posible gracias al enfoque en la capacitaci\u00f3n y entrenamiento constante de nuestro personal; pieza clave para garantizar el servicio de calidad que requiere el resguardo de personas y bienes materiales.<\/p>\n<p>\n<\/div><\/div><\/div><\/div><\/div><\/section><section class=\"kc-elm kc-css-480855 kc_row\"><div class=\"kc-row-container  kc-container\"><div class=\"kc-wrap-columns\"><div class=\"kc-elm kc-css-382709 kc_col-sm-12 kc_column kc_col-sm-12\"><div class=\"kc-col-container\"><div class=\"kc-elm kc-css-979142 kc_row kc_row_inner\"><div class=\"kc-elm kc-css-158844 kc_col-sm-4 kc_column_inner kc_col-sm-4\"><div class=\"kc_wrapper kc-col-inner-container\">\n<div class=\"kc-elm kc-css-668755 kc_counter_box\">\n\t<i class=\"et-target element-icon\"><\/i><h4>Proyectos realizados<\/h4>\t<span class=\"counterup\">2300<\/span>\n\t<\/div>\n<\/div><\/div><div class=\"kc-elm kc-css-790949 kc_col-sm-4 kc_column_inner kc_col-sm-4\"><div class=\"kc_wrapper kc-col-inner-container\">\n<div class=\"kc-elm kc-css-368424 kc_counter_box\">\n\t<i class=\"sl-briefcase element-icon\"><\/i><h4>Empleos Calificados<\/h4>\t<span class=\"counterup\">1500<\/span>\n\t<\/div>\n<\/div><\/div><div class=\"kc-elm kc-css-508359 kc_col-sm-4 kc_column_inner kc_col-sm-4\"><div class=\"kc_wrapper kc-col-inner-container\">\n<div class=\"kc-elm kc-css-631504 kc_counter_box\">\n\t<i class=\"sl-like element-icon\"><\/i><h4>Clientes Satisfechos<\/h4>\t<span class=\"counterup\">1200<\/span>\n\t<\/div>\n<\/div><\/div><\/div><\/div><\/div><\/div><\/div><\/section><section class=\"kc-elm kc-css-686368 kc_row\"><div class=\"kc-row-container  kc-container\"><div class=\"kc-wrap-columns\"><div class=\"kc-elm kc-css-966524 kc_col-sm-12 kc_column kc_col-sm-12\"><div class=\"kc-col-container\">   \n   \n\n<!--Featured Section-->\n<section class=\"featured-section\">\n    <div class=\"auto-container\">\n        <div class=\"row clearfix\">\n        \t            <!--Featured Post-->\n            <div class=\"featured-post col-md-4 col-sm-6 col-xs-12\">\n                <div class=\"inner-box\">\n                    <div class=\"number-box wow fadeInDown\" data-wow-delay=\"0ms\" data-wow-duration=\"1500ms\">01<\/div>\n                    <h3><a href=\"#\">WHO WE ARE<\/a><\/h3>\n                    <div class=\"text\">The Love Boat promises something for beat of just one drum a young loner on crusade to champion innocent.<\/div>\n                    <a class=\"read-more\" href=\"#\">Read More <span class=\"icon flaticon-right-arrow\"><\/span><\/a>\n                <\/div>\n            <\/div>\n            <!--End Featured Post-->\n                        <!--Featured Post-->\n            <div class=\"featured-post col-md-4 col-sm-6 col-xs-12\">\n                <div class=\"inner-box\">\n                    <div class=\"number-box wow fadeInDown\" data-wow-delay=\"0ms\" data-wow-duration=\"1500ms\">02<\/div>\n                    <h3><a href=\"#\">OUR MISSION<\/a><\/h3>\n                    <div class=\"text\">The Love Boat promises something for beat of just one drum a young loner on crusade to champion innocent.<\/div>\n                    <a class=\"read-more\" href=\"#\">Read More <span class=\"icon flaticon-right-arrow\"><\/span><\/a>\n                <\/div>\n            <\/div>\n            <!--End Featured Post-->\n                        <!--Featured Post-->\n            <div class=\"featured-post col-md-4 col-sm-6 col-xs-12\">\n                <div class=\"inner-box\">\n                    <div class=\"number-box wow fadeInDown\" data-wow-delay=\"0ms\" data-wow-duration=\"1500ms\">03<\/div>\n                    <h3><a href=\"#\">OUR VISION<\/a><\/h3>\n                    <div class=\"text\">The Love Boat promises something for beat of just one drum a young loner on crusade to champion innocent.<\/div>\n                    <a class=\"read-more\" href=\"#\">Read More <span class=\"icon flaticon-right-arrow\"><\/span><\/a>\n                <\/div>\n            <\/div>\n            <!--End Featured Post-->\n                    <\/div>\n    <\/div>\n<\/section>\n<!--End Featured Section-->\n\n<\/div><\/div><\/div><\/div><\/section><section class=\"kc-elm kc-css-548673 kc_row\"><div class=\"kc-row-container\"><div class=\"kc-wrap-columns\"><div class=\"kc-elm kc-css-300772 kc_col-sm-12 kc_column kc_col-sm-12\"><div class=\"kc-col-container\">   \n   \n\n<!--Guards Section-->\n<section class=\"guard-section\">\n    <div class=\"auto-container\">\n        <!--Sec Title-->\n        <div class=\"sec-title\">\n            <h2>OUR GUARDS<\/h2>\n            <div class=\"text\">The Love Boat promises something for everyone now to beat every of just one<\/div>\n        <\/div>\n        <!--Sec Title-->\n        \n        <div class=\"row clearfix\">\n        \t            <!--Guard Member-->\n            <div class=\"guard-member col-md-4 col-sm-6 col-xs-12\">\n                <div class=\"inner-box\">\n                    <!--Image Box-->\n                    <div class=\"image-box\">\n                        <img width=\"380\" height=\"449\" src=\"https:\/\/www.topalientornoseguro.com.mx\/wp-content\/uploads\/2017\/01\/placeholder-13-380x449.jpg\" class=\"attachment-bristol_380x449 size-bristol_380x449 wp-post-image\" alt=\"\" loading=\"lazy\" \/>                    <\/div>\n                    <!--Lower Content-->\n                    <div class=\"lower-content\">\n                        \n                        <!--Content-->\n                        <div class=\"content\">\n                            <h3>NATHAN JONES<\/h3>\n                            <div class=\"designation\">Senior Guard<\/div>\n                            \n\t\t\t\t\t\t\t                            <!--Social Icon-->\n                            <div class=\"social-icon\">\n                                                                \t<a href=\"#\" class=\"fa fa fa-facebook\"><\/a>\n                            \t                                \t<a href=\"#\" class=\"fa fa fa-twitter\"><\/a>\n                            \t                                \t<a href=\"#\" class=\"fa fa fa-linkedin\"><\/a>\n                            \t                            <\/div>\n                                                        \n                            <div class=\"left-arrow\"><\/div>\n                            <div class=\"right-arrow\"><\/div>\n                        <\/div>\n                       \n                    <\/div>\n                <\/div>\n            <\/div>\n                        <!--Guard Member-->\n            <div class=\"guard-member col-md-4 col-sm-6 col-xs-12\">\n                <div class=\"inner-box\">\n                    <!--Image Box-->\n                    <div class=\"image-box\">\n                        <img width=\"380\" height=\"449\" src=\"https:\/\/www.topalientornoseguro.com.mx\/wp-content\/uploads\/2017\/01\/placeholder-14-380x449.jpg\" class=\"attachment-bristol_380x449 size-bristol_380x449 wp-post-image\" alt=\"\" loading=\"lazy\" \/>                    <\/div>\n                    <!--Lower Content-->\n                    <div class=\"lower-content\">\n                        \n                        <!--Content-->\n                        <div class=\"content\">\n                            <h3>NATHAN JONES<\/h3>\n                            <div class=\"designation\">Senior Guard<\/div>\n                            \n\t\t\t\t\t\t\t                            <!--Social Icon-->\n                            <div class=\"social-icon\">\n                                                                \t<a href=\"#\" class=\"fa fa fa-facebook\"><\/a>\n                            \t                                \t<a href=\"#\" class=\"fa fa fa-twitter\"><\/a>\n                            \t                                \t<a href=\"#\" class=\"fa fa fa-linkedin\"><\/a>\n                            \t                            <\/div>\n                                                        \n                            <div class=\"left-arrow\"><\/div>\n                            <div class=\"right-arrow\"><\/div>\n                        <\/div>\n                       \n                    <\/div>\n                <\/div>\n            <\/div>\n                        <!--Guard Member-->\n            <div class=\"guard-member col-md-4 col-sm-6 col-xs-12\">\n                <div class=\"inner-box\">\n                    <!--Image Box-->\n                    <div class=\"image-box\">\n                        <img width=\"380\" height=\"449\" src=\"https:\/\/www.topalientornoseguro.com.mx\/wp-content\/uploads\/2017\/01\/placeholder-15-380x449.jpg\" class=\"attachment-bristol_380x449 size-bristol_380x449 wp-post-image\" alt=\"\" loading=\"lazy\" \/>                    <\/div>\n                    <!--Lower Content-->\n                    <div class=\"lower-content\">\n                        \n                        <!--Content-->\n                        <div class=\"content\">\n                            <h3>NATHAN JONES<\/h3>\n                            <div class=\"designation\">Senior Guard<\/div>\n                            \n\t\t\t\t\t\t\t                            <!--Social Icon-->\n                            <div class=\"social-icon\">\n                                                                \t<a href=\"#\" class=\"fa fa fa-facebook\"><\/a>\n                            \t                                \t<a href=\"#\" class=\"fa fa fa-twitter\"><\/a>\n                            \t                                \t<a href=\"#\" class=\"fa fa fa-linkedin\"><\/a>\n                            \t                            <\/div>\n                                                        \n                            <div class=\"left-arrow\"><\/div>\n                            <div class=\"right-arrow\"><\/div>\n                        <\/div>\n                       \n                    <\/div>\n                <\/div>\n            <\/div>\n                    <\/div>\n        \n    <\/div>\n<\/section>\n<!--End Guards Section-->\n\n<\/div><\/div><\/div><\/div><\/section><section class=\"kc-elm kc-css-790041 kc_row\"><div class=\"kc-row-container  kc-container\"><div class=\"kc-wrap-columns\"><div class=\"kc-elm kc-css-217012 kc_col-sm-12 kc_column kc_col-sm-12\"><div class=\"kc-col-container\">   \n   \n\n<!--Testimonial Section-->\n<section class=\"testimonial-section\">\n    <div class=\"auto-container\">\n        <h2>OUR CLIENTS SAYS<\/h2>\n        \n        <!--Three Item Carousel-->\n        <div class=\"three-item-carousel\">\n                        <!--Testimonial Block One-->\n            <div class=\"testimonial-block-one\">\n                <div class=\"inner-box\">\n                    <div class=\"quote-icon\"><span class=\"icon flaticon-left-quote\"><\/span><\/div>\n                    <div class=\"text\">The Love Boat promises something for everyone now to beat every of just one and his Skipper too will do their in their tropic island nest.<\/div>\n                    <!--Author Info-->\n                    <div class=\"author-info\">\n                        <div class=\"author-image\">\n                            <img width=\"68\" height=\"68\" src=\"https:\/\/www.topalientornoseguro.com.mx\/wp-content\/uploads\/2017\/01\/placeholder-11-68x68.jpg\" class=\"attachment-bristol_68x68 size-bristol_68x68 wp-post-image\" alt=\"\" loading=\"lazy\" srcset=\"https:\/\/www.topalientornoseguro.com.mx\/wp-content\/uploads\/2017\/01\/placeholder-11-68x68.jpg 68w, https:\/\/www.topalientornoseguro.com.mx\/wp-content\/uploads\/2017\/01\/placeholder-11-150x150.jpg 150w, https:\/\/www.topalientornoseguro.com.mx\/wp-content\/uploads\/2017\/01\/placeholder-11-78x78.jpg 78w, https:\/\/www.topalientornoseguro.com.mx\/wp-content\/uploads\/2017\/01\/placeholder-11-70x70.jpg 70w, https:\/\/www.topalientornoseguro.com.mx\/wp-content\/uploads\/2017\/01\/placeholder-11-87x87.jpg 87w\" sizes=\"(max-width: 68px) 100vw, 68px\" \/>                        <\/div>\n                        <h3>ANGEL JONES<\/h3>\n                        <div class=\"designation\">Execfise<\/div>\n                        <!--Rating-->\n                        <div class=\"rating\">\n                            <span class=\"fa fa-star\"><\/span><span class=\"fa fa-star\"><\/span><span class=\"fa fa-star\"><\/span><span class=\"fa fa-star\"><\/span><span class=\"fa fa-star-half-empty\"><\/span>                        <\/div>\n                    <\/div>\n                <\/div>\n            <\/div>\n                        <!--Testimonial Block One-->\n            <div class=\"testimonial-block-one\">\n                <div class=\"inner-box\">\n                    <div class=\"quote-icon\"><span class=\"icon flaticon-left-quote\"><\/span><\/div>\n                    <div class=\"text\">The Love Boat promises something for everyone now to beat every of just one and his Skipper too will do their in their tropic island nest.<\/div>\n                    <!--Author Info-->\n                    <div class=\"author-info\">\n                        <div class=\"author-image\">\n                            <img width=\"68\" height=\"68\" src=\"https:\/\/www.topalientornoseguro.com.mx\/wp-content\/uploads\/2017\/01\/placeholder-10-68x68.jpg\" class=\"attachment-bristol_68x68 size-bristol_68x68 wp-post-image\" alt=\"\" loading=\"lazy\" srcset=\"https:\/\/www.topalientornoseguro.com.mx\/wp-content\/uploads\/2017\/01\/placeholder-10-68x68.jpg 68w, https:\/\/www.topalientornoseguro.com.mx\/wp-content\/uploads\/2017\/01\/placeholder-10-150x150.jpg 150w, https:\/\/www.topalientornoseguro.com.mx\/wp-content\/uploads\/2017\/01\/placeholder-10-78x78.jpg 78w, https:\/\/www.topalientornoseguro.com.mx\/wp-content\/uploads\/2017\/01\/placeholder-10-70x70.jpg 70w, https:\/\/www.topalientornoseguro.com.mx\/wp-content\/uploads\/2017\/01\/placeholder-10-87x87.jpg 87w\" sizes=\"(max-width: 68px) 100vw, 68px\" \/>                        <\/div>\n                        <h3>MATT MORGAN<\/h3>\n                        <div class=\"designation\">Forge<\/div>\n                        <!--Rating-->\n                        <div class=\"rating\">\n                            <span class=\"fa fa-star\"><\/span><span class=\"fa fa-star\"><\/span><span class=\"fa fa-star\"><\/span><span class=\"fa fa-star\"><\/span><span class=\"fa fa-star\"><\/span>                        <\/div>\n                    <\/div>\n                <\/div>\n            <\/div>\n                        <!--Testimonial Block One-->\n            <div class=\"testimonial-block-one\">\n                <div class=\"inner-box\">\n                    <div class=\"quote-icon\"><span class=\"icon flaticon-left-quote\"><\/span><\/div>\n                    <div class=\"text\">The Love Boat promises something for everyone now to beat every of just one and his Skipper too will do their in their tropic island nest.<\/div>\n                    <!--Author Info-->\n                    <div class=\"author-info\">\n                        <div class=\"author-image\">\n                            <img width=\"68\" height=\"68\" src=\"https:\/\/www.topalientornoseguro.com.mx\/wp-content\/uploads\/2017\/01\/placeholder-12-68x68.jpg\" class=\"attachment-bristol_68x68 size-bristol_68x68 wp-post-image\" alt=\"\" loading=\"lazy\" srcset=\"https:\/\/www.topalientornoseguro.com.mx\/wp-content\/uploads\/2017\/01\/placeholder-12-68x68.jpg 68w, https:\/\/www.topalientornoseguro.com.mx\/wp-content\/uploads\/2017\/01\/placeholder-12-150x150.jpg 150w, https:\/\/www.topalientornoseguro.com.mx\/wp-content\/uploads\/2017\/01\/placeholder-12-78x78.jpg 78w, https:\/\/www.topalientornoseguro.com.mx\/wp-content\/uploads\/2017\/01\/placeholder-12-70x70.jpg 70w, https:\/\/www.topalientornoseguro.com.mx\/wp-content\/uploads\/2017\/01\/placeholder-12-87x87.jpg 87w\" sizes=\"(max-width: 68px) 100vw, 68px\" \/>                        <\/div>\n                        <h3>PAUL VINCENT<\/h3>\n                        <div class=\"designation\">Massi<\/div>\n                        <!--Rating-->\n                        <div class=\"rating\">\n                            <span class=\"fa fa-star\"><\/span><span class=\"fa fa-star\"><\/span><span class=\"fa fa-star\"><\/span><span class=\"fa fa-star\"><\/span><span class=\"fa fa-star-half-empty\"><\/span>                        <\/div>\n                    <\/div>\n                <\/div>\n            <\/div>\n                        \n        <\/div>\n        \n    <\/div>\n    \n<\/section>\n<!--End Testimonial Section-->\n\n<\/div><\/div><\/div><\/div><\/section><section class=\"kc-elm kc-css-130323 kc_row\"><div class=\"kc-row-container\"><div class=\"kc-wrap-columns\"><div class=\"kc-elm kc-css-940215 kc_col-sm-12 kc_column kc_col-sm-12\"><div class=\"kc-col-container\"><!--sponsors style One-->\n<section class=\"sponsors-style-one\" style=\"background-image:url('https:\/\/www.wp1.themexlab.com\/newwp\/bristol\/wp-content\/uploads\/2017\/01\/pattern-1.png')\">\n    <div class=\"auto-container\">\n        <div class=\"sponsors-outer\">\n            <!--Sponsors Carousel-->\n            <ul class=\"sponsors-carousel\">\n                                <li class=\"slide-item\"><figure class=\"image-box\"><a href=\"#\"><img src=\"https:\/\/www.topalientornoseguro.com.mx\/wp-content\/plugins\/kingcomposer\/assets\/images\/get_start.jpg\" alt=\"Image\"><\/a><\/figure><\/li>\n                                <li class=\"slide-item\"><figure class=\"image-box\"><a href=\"#\"><img src=\"https:\/\/www.topalientornoseguro.com.mx\/wp-content\/plugins\/kingcomposer\/assets\/images\/get_start.jpg\" alt=\"Image\"><\/a><\/figure><\/li>\n                                <li class=\"slide-item\"><figure class=\"image-box\"><a href=\"#\"><img src=\"https:\/\/www.topalientornoseguro.com.mx\/wp-content\/plugins\/kingcomposer\/assets\/images\/get_start.jpg\" alt=\"Image\"><\/a><\/figure><\/li>\n                                <li class=\"slide-item\"><figure class=\"image-box\"><a href=\"#\"><img src=\"https:\/\/www.topalientornoseguro.com.mx\/wp-content\/plugins\/kingcomposer\/assets\/images\/get_start.jpg\" alt=\"Image\"><\/a><\/figure><\/li>\n                                <li class=\"slide-item\"><figure class=\"image-box\"><a href=\"#\"><img src=\"https:\/\/www.topalientornoseguro.com.mx\/wp-content\/plugins\/kingcomposer\/assets\/images\/get_start.jpg\" alt=\"Image\"><\/a><\/figure><\/li>\n                           <\/ul>\n        <\/div>\n    <\/div>\n<\/section>\n<!--sponsors style One--><\/div><\/div><\/div><\/div><\/section><section class=\"kc-elm kc-css-226062 kc_row\"><div class=\"kc-row-container\"><div class=\"kc-wrap-columns\"><div class=\"kc-elm kc-css-690103 kc_col-sm-12 kc_column kc_col-sm-12\"><div class=\"kc-col-container\"><!--Call to Action-->\n<section class=\"call-to-action\" style=\"background-image:url('https:\/\/www.wp1.themexlab.com\/newwp\/bristol\/wp-content\/uploads\/2017\/01\/2-1.jpg');\">\n    <div class=\"auto-container\">\n        <div class=\"row clearfix\">\n            <!--Content Column-->\n            <div class=\"content-column col-md-9 col-sm-9 col-xs-12\">\n                <div class=\"inner-box\">\n                    <div class=\"icon-box\">\n                        <div class=\"icon flaticon-note\"><\/div>\n                    <\/div>\n                    <div class=\"content\">\n                        <h3>PARA M\u00c1S INFORMACI\u00d3N SOBRE NUESTROS SERVICIOS LL\u00c1MANOS AL 477 155-9845 \u00d3 SI O PREFIERES LLENA EL FORMULARIO<\/h3>\n                        <div class=\"text\"><\/div>\n                    <\/div>\n                <\/div>\n            <\/div>\n            \n            <div class=\"btn-column text-right col-md-3 col-sm-3 col-xs-12\">\n                <a href=\"http:\/\/test.rankio.mx\/colosal\/index.php\/contacto\/\" class=\"theme-btn btn-style-one\">CONTACTO<\/a>\n            <\/div>\n            \n        <\/div>\n    <\/div>\n<\/section>\n<!--Call to Action--><\/div><\/div><\/div><\/div><\/section><\/p>\n","protected":false},"excerpt":{"rendered":"","protected":false},"author":1,"featured_media":0,"parent":0,"menu_order":0,"comment_status":"closed","ping_status":"closed","template":"tpl-king_composer.php","meta":{"_monsterinsights_skip_tracking":false,"_monsterinsights_sitenote_active":false,"_monsterinsights_sitenote_note":"","_monsterinsights_sitenote_category":0},"_links":{"self":[{"href":"https:\/\/www.topalientornoseguro.com.mx\/index.php\/wp-json\/wp\/v2\/pages\/554"}],"collection":[{"href":"https:\/\/www.topalientornoseguro.com.mx\/index.php\/wp-json\/wp\/v2\/pages"}],"about":[{"href":"https:\/\/www.topalientornoseguro.com.mx\/index.php\/wp-json\/wp\/v2\/types\/page"}],"author":[{"embeddable":true,"href":"https:\/\/www.topalientornoseguro.com.mx\/index.php\/wp-json\/wp\/v2\/users\/1"}],"replies":[{"embeddable":true,"href":"https:\/\/www.topalientornoseguro.com.mx\/index.php\/wp-json\/wp\/v2\/comments?post=554"}],"version-history":[{"count":9,"href":"https:\/\/www.topalientornoseguro.com.mx\/index.php\/wp-json\/wp\/v2\/pages\/554\/revisions"}],"predecessor-version":[{"id":616,"href":"https:\/\/www.topalientornoseguro.com.mx\/index.php\/wp-json\/wp\/v2\/pages\/554\/revisions\/616"}],"wp:attachment":[{"href":"https:\/\/www.topalientornoseguro.com.mx\/index.php\/wp-json\/wp\/v2\/media?parent=554"}],"curies":[{"name":"wp","href":"https:\/\/api.w.org\/{rel}","templated":true}]}}